455. What is the remainder when 70 is divided by b?
12
Let l = 392 + -388. What is the remainder when 9 is divided by l?
1
Let i be 1/(-2)*(2 + -10). What is the remainder when 14 is divided by -6 + i + 3 + (4 - 0)?
4
Let b = 1121 - 801. What is the remainder when b is divided by 65?
60
Let s be (-130)/(-8) - 8/32. Let d = -1 + -6. Let h = s + d. Calculate the remainder when h is divided by 5.
4
Suppose 0 = -2*s + 16 + 34. Calculate the remainder when s is divided by (-195)/(-27) - (-8)/(-36).
4
Let c be -4 - (-9)/(27/60). Suppose 0 = -21*y + c*y + 65. Calculate the remainder when y is divided by 4.
1
Let c = -250 + 287. What is the remainder when 86 is divided by c?
12
Let l = 12 - 17. What is the remainder when (-4)/(-2)*(l + -119)/(-4) is divided by 32?
30
Let c = 1332 - 1318. Let z(h) = -h**2 - 6*h - 3. Let o be z(-4). Suppose 0 = 4*t - 3*t - 5*j - 29, 2*t = o*j + 83. What is the remainder when t is divided by c?
12
Let z(q) = -5*q - 15. Let a(n) = -3*n - 8. Let w(d) = 5*a(d) - 2*z(d). Let r(y) = -9*y. What is the remainder when w(-5) is divided by r(-1)?
6
Let y(a) = 61*a - 1. Let i(j) = -122*j + 2. Let x(l) = -6*i(l) - 11*y(l). Let s be x(-1). Let p = -16 - s. What is the remainder when p is divided by 12?
10
Let r be (-114)/(-14) - (-8)/(-56). Let z be 16/6*6/4. Suppose -z*o = -r*o + 28. Calculate the remainder when 12 is divided by o.
5
Suppose -16 = -2*c - 4*s + 44, -4*s = -12. What is the remainder when c is divided by 7?
3
Let p = -184 - -182. Let j(q) = 3*q**2 - 3*q + 1. What is the remainder when (p/(-3))/(((-6)/2)/(-54)) is divided by j(2)?
5
Let a(u) = 2*u**3 - 7*u**2 - 7*u + 35. Suppose -21 = -d - 5*t, -2*d + 2*t + 32 = 2. Calculate the remainder when a(5) is divided by d.
11
Let p(u) = -10*u + 7. Let b(t) = 20*t - 13. Let k(o) = -2*b(o) - 5*p(o). What is the remainder when k(7) is divided by 21?
19
Calculate the remainder when 491 is divided by 25 + (5 + 1 - (5 - -6)).
11
Suppose -6*b + 7*b = 11. What is the remainder when (-113)/(-3) + 4/12 is divided by b?
5
Let f(i) = -3*i + 123 - 5*i - 126. Calculate the remainder when f(-9) is divided by 7.
6
Suppose 4*h - 25 = 5*u + 14, 5*u = -4*h + 9. Let r = 27 - h. Suppose y - 3*y + 16 = 0. Calculate the remainder when r is divided by y.
5
Let j(g) = g**2 + 24*g + 137. What is the remainder when 103 is divided by j(-6)?
16
Suppose 10*o - 11*o = -12. Suppose -o*n + 124 = -10*n. Calculate the remainder when n is divided by 13.
10
Let i = -331 - -364. Calculate the remainder when 1252 is divided by i.
31
Let c = -33 - -63. Calculate the remainder when 40 is divided by c/(-4)*(-4)/5.
4
Let h be 8/(-4) + 12 + (-3 - -1). What is the remainder when 6/8 + 986/h is divided by 25?
24
Suppose 2*j = -5*l + 8*l - 102, 5*l - j - 163 = 0. Calculate the remainder when l is divided by 7.
4
What is the remainder when 10 is divided by (-1)/((-4)/24)*(-4)/(-3)?
2
Let s = -125 - -175. Suppose -916 = -7*q + 456. Calculate the remainder when q is divided by s.
46
Suppose 0 = 5*a + p - 96, -a - 2 = -p - 20. Let z(c) = -22*c + 1066. What is the remainder when z(47) is divided by a?
13
Let t = -60 + 120. Let j(k) = k**2 + 5*k - 3. Calculate the remainder when t is divided by j(3).
18
Let r(t) = -5*t**3 - 23*t**2 - 2*t - 9. What is the remainder when 204 is divided by r(-5)?
0
What is the remainder when 4/(-10)*-25*(-106)/(-5) is divided by 32?
20
Calculate the remainder when 28 is divided by (11/2 + 29 + -33)*4.
4
Suppose 15 = 2*b - 19. Let v = b + 19. Calculate the remainder when 102 is divided by v.
30
Suppose 49*z - 2376 = 43*z. Let b = z - 279. What is the remainder when b is divided by 32?
21
Let x = -77 - -92. Let p(u) = -57*u - 3. Let g be p(-2). Suppose 2*a + z = 3*z + 56, -4*a = -3*z - g. Calculate the remainder when a is divided by x.
12
Suppose 3*c = 5*c + 4*s - 28, -4*c + s + 47 = 0. Suppose 5*r - 69 = -4*a, r + c + 12 = a. Calculate the remainder when 79 is divided by a.
16
What is the remainder when (-1716)/(-57) + -2 + 30/(-285) is divided by 10?
8
Suppose 0 = -g + 3*g - 46. Calculate the remainder when 11/((-440)/(-1712)) + 3/15 is divided by g.
20
Suppose -2*l = -0*l - 36. Suppose -l*q + 16*q = -40. Calculate the remainder when q is divided by 6.
2
Suppose 16*z - 9*z - 931 = 0. Calculate the remainder when z is divided by 37.
22
Suppose t - 78 = -5*t. What is the remainder when t is divided by 2 + 2 - (2 - 5)?
6
Suppose -3*a + 5*b = b - 40, -5*a - 3*b = -28. Suppose 0 = -w - 123 + 168. What is the remainder when w is divided by a?
5
What is the remainder when ((-8479)/122)/((-1)/2) is divided by 28?
27
Let h(z) = -z**3 - 7*z**2 - 7*z + 22. What is the remainder when 29 is divided by h(-5)?
1
Suppose -2*l - 2*l - c + 224 = 0, -173 = -3*l - 2*c. What is the remainder when l is divided by 7/(-63) - 253/(-9)?
27
Suppose -4*r + 20 = -3*f, -f - 15 = -0*r - 3*r. Let v = -110 + 115. What is the remainder when v is divided by r?
0
Let m(w) = -w**3 + 20*w**2 - 14*w - 73. Calculate the remainder when 61 is divided by m(19).
17
Let l(m) = 3*m**2 + 2*m + 19. What is the remainder when l(0) is divided by 12?
7
What is the remainder when ((-2796)/(-8))/1*(-34)/(-51) is divided by 34?
29
Let x(m) = m**3 + 16*m**2 + 15*m + 3. Let y be x(-15). Suppose 0*h - 9 = -y*h. Suppose -18 + 63 = h*c. What is the remainder when c is divided by 8?
7
Suppose 2*v = 3*v - 18. Let t = 33 - v. What is the remainder when 57 is divided by t?
12
Let i = -549 + 584. Let t = 7 - -12. What is the remainder when i is divided by t?
16
Let h(t) = -t**2 - 31*t - 136. What is the remainder when 825 is divided by h(-25)?
13
Let j be ((-4)/6)/(24/(-144)). Suppose -q + 14 - j = 0. Calculate the remainder when 17 is divided by q.
7
Suppose 2*o = -4*u + 60, -4*o = 26*u - 21*u - 69. Calculate the remainder when 76 is divided by u.
8
What is the remainder when (-2508)/(-95) + 15/25 is divided by 10?
7
Suppose 5*q + 50 = 3*h + 3*q, h - 2*q = 18. What is the remainder when (-8)/h + 215/2 is divided by 27?
26
Let h(n) = -4*n + 141. What is the remainder when 18 is divided by h(34)?
3
Suppose 101*i - 91*i - 1250 = 0. Calculate the remainder when i is divided by 32.
29
Suppose -5*v + 0*v = -5. What is the remainder when -52*(0 + -2 + v) is divided by 11?
8
Calculate the remainder when 93 is divided by (-7)/(70/132)*(-75)/30.
27
Suppose -19*b + 14*b = 3*k - 55, -56 = -3*k - 4*b. What is the remainder when 135 is divided by k?
15
Let g(l) = 49*l - 237. Calculate the remainder when 1054 is divided by g(5).
6
Let r be 114/22 - (-22)/(-121). Suppose 3 + 3 = 3*s. Suppose -d - s = -r. What is the remainder when d is divided by 1?
0
Suppose -c - 61 = -108. What is the remainder when 232 is divided by c?
44
Let m = -29 + 49. What is the remainder when m is divided by 2/16 - (-870)/80?
9
What is the remainder when 9/(-6)*30/45 - -266 is divided by 15?
10
Suppose -4*r + 52 = 12*b - 7*b, -4*b = -3*r - 23. Calculate the remainder when 36 is divided by b.
4
Suppose m - 29 = -2*i, -24*i + 3*m = -23*i - 32. What is the remainder when 131 is divided by i?
12
Suppose -4*v = -p - 3, 5*p + 0*v - 48 = -v. What is the remainder when 59 is divided by p?
5
Let d(a) = -a**2 - 13*a - 15. Suppose -c - 4 = 6. Calculate the remainder when d(c) is divided by 8.
7
Suppose -2*v + 2*s + 390 = 62, 4*s = 3*v - 488. What is the remainder when v is divided by 43?
39
Let n(p) = -p**3 - p**2 + 7*p - 6. Let a = 48 - 52. What is the remainder when 27 is divided by n(a)?
13
Let k be 0 + (-4 - 7) + 3. What is the remainder when 101 is divided by (9/((-36)/k))/((-2)/(-26))?
23
Let v(p) = -p + 100. What is the remainder when v(0) is divided by ((-312)/(-84))/(2/14)?
22
Let h be 892/(4 - 0) + 4. Suppose p = -g + 89, 3*g + 5*p + h = 6*g. Calculate the remainder when g is divided by 17.
16
Let u be 0 + 2 + 1*(-6 + 5). Suppose -3*f + b = -12, b + u = -2. Let w = -12 - -23. What is the remainder when w is divided by f?
2
Let n = 456 + -361. Calculate the remainder when n is divided by 57.
38
Suppose 3*d + 3*h = 54, -d - 5*h + 0 - 2 = 0. What is the remainder when 48 is divided by d?
2
Suppose 0 = 3*l - 15, -2*x = x - l - 22. Calculate the remainder when 127 is divided by x/21 - (-537)/21.
23
Let m = -44 - -73. Let a(z) = -5*z - 6. What is the remainder when m is divided by a(-2)?
1
Suppose -5*v